{"id":448,"date":"2023-11-13T22:13:50","date_gmt":"2023-11-13T21:13:50","guid":{"rendered":"https:\/\/neomedica.waw.pl\/?page_id=448"},"modified":"2024-03-12T22:39:51","modified_gmt":"2024-03-12T21:39:51","slug":"archiwum-artykuly","status":"publish","type":"page","link":"https:\/\/neomedica.waw.pl\/?page_id=448","title":{"rendered":"Archiwum &#8211; artyku\u0142y"},"content":{"rendered":"\n<hr class=\"wp-block-separator has-alpha-channel-opacity\"\/>\n\n\n\n<h2 class=\"wp-block-heading has-text-align-center\">Wydania 2020<\/h2>\n\n\n\n<div class=\"wp-block-buttons is-content-justification-center is-layout-flex wp-container-core-buttons-is-layout-16018d1d wp-block-buttons-is-layout-flex\">\n<div class=\"wp-block-button\"><a class=\"wp-block-button__link has-vivid-cyan-blue-background-color has-background wp-element-button\" href=\"http:\/\/medicare.waw.pl\/zeszyt-1\/\">Numer 1\/2020<\/a><\/div>\n\n\n\n<div class=\"wp-block-button\"><a class=\"wp-block-button__link wp-element-button\">Numer 2\/2020<\/a><\/div>\n\n\n\n<div class=\"wp-block-button\"><a class=\"wp-block-button__link has-vivid-cyan-blue-background-color has-background wp-element-button\" href=\"http:\/\/medicare.waw.pl\/zeszyt-3\/\">Numer 3\/2020<\/a><\/div>\n\n\n\n<div class=\"wp-block-button\"><a class=\"wp-block-button__link wp-element-button\" href=\"http:\/\/medicare.waw.pl\/numer-4\/\">Numer 4\/2020<\/a><\/div>\n<\/div>\n\n\n\n<p><\/p>\n\n\n\n<hr class=\"wp-block-separator has-alpha-channel-opacity\"\/>\n\n\n\n<h2 class=\"wp-block-heading has-text-align-center\">Wydania 2021<\/h2>\n\n\n\n<div class=\"wp-block-buttons is-content-justification-center is-layout-flex wp-container-core-buttons-is-layout-16018d1d wp-block-buttons-is-layout-flex\">\n<div class=\"wp-block-button\"><a class=\"wp-block-button__link wp-element-button\" href=\"http:\/\/medicare.waw.pl\/numer-1-2021\/\">Numer 1\/2021<\/a><\/div>\n\n\n\n<div class=\"wp-block-button\"><a class=\"wp-block-button__link has-vivid-cyan-blue-background-color has-background wp-element-button\" href=\"http:\/\/medicare.waw.pl\/numer-2-2021\/\">Numer 2\/2021<\/a><\/div>\n\n\n\n<div class=\"wp-block-button\"><a class=\"wp-block-button__link wp-element-button\" href=\"http:\/\/medicare.waw.pl\/numer-3-2021\/\">Numer 3\/2021<\/a><\/div>\n\n\n\n<div class=\"wp-block-button is-style-fill\"><a class=\"wp-block-button__link has-vivid-cyan-blue-background-color has-background wp-element-button\" href=\"http:\/\/www.medicare.waw.pl\/numer-4-2021\/\">Numer 4\/2021<\/a><\/div>\n<\/div>\n\n\n\n<p><\/p>\n\n\n\n<hr class=\"wp-block-separator has-alpha-channel-opacity\"\/>\n\n\n\n<p class=\"has-text-align-center has-very-dark-gray-color has-text-color\">W Post\u0119pach Neonatologii publikowane s\u0105 artyku\u0142y naukowe prezentuj\u0105ce najnowsze i najwa\u017cniejsze doniesienia z wielu dziedzin neonatologii i pediatrii.<br>Stanowi ono swoist\u0105 platform\u0119 wiedzy i wymiany do\u015bwiadcze\u0144 dla ca\u0142ego \u015brodowiska naukowego.<\/p>\n\n\n\n<p class=\"has-text-align-center has-very-dark-gray-color has-text-color\">Czasopismo skierowane jest do lekarzy specjalist\u00f3w neonatolog\u00f3w i pediatr\u00f3w.<br>A tak\u017ce innych dziedzin powi\u0105zanych, takich jak: endokrynologia, laryngologia, genetyka, kardiologia, onkologia, hematologia, chirurgia, gastroenterologia.<\/p>\n\n\n\n<p class=\"has-text-align-center has-very-dark-gray-color has-text-color\">Podobnie jak i na \u015awiecie, r\u00f3wnie\u017c i w Polsce lata sze\u015b\u0107dziesi\u0105te XX wieku to pocz\u0105tek intensywnej terapii noworodka. Wielu wybitnych neonatolog\u00f3w wywodzi si\u0119 w\u0142a\u015bnie z anestezjologii i pediatrii.<\/p>\n\n\n\n<hr class=\"wp-block-separator has-alpha-channel-opacity\"\/>\n\n\n\n<p class=\"has-text-align-center has-very-dark-gray-color has-text-color\">Tre\u015bci zawarte w Kwartalniku Post\u0119py Neonatologii obejmuj\u0105 oryginalne artyku\u0142y naukowe opisuj\u0105ce wyniki projekt\u00f3w badawczych, dokumentuj\u0105ce post\u0119powanie w szczeg\u00f3lnych przypadkach klinicznych, a tak\u017ce artyku\u0142y przegl\u0105dowe opisuj\u0105ce aktualne post\u0119py i stan wiedzy na&nbsp;podstawie pi\u015bmiennictwa \u015bwiatowego.<\/p>\n\n\n\n<p class=\"has-text-align-center has-very-dark-gray-color has-text-color\">Autorami prac publikowanych w Post\u0119pach Neonatologii s\u0105 badacze pochodz\u0105cy z wiod\u0105cych o\u015brodk\u00f3w klinicznych i akademickich. Do publikacji przyjmowane s\u0105 prace w j\u0119zyku polskim i angielskim.<\/p>\n\n\n\n<hr class=\"wp-block-separator has-alpha-channel-opacity\"\/>\n\n\n\n<p> <\/p>\n","protected":false},"excerpt":{"rendered":"<p>Wydania 2020 Wydania 2021 W Post\u0119pach Neonatologii publikowane s\u0105 artyku\u0142y naukowe prezentuj\u0105ce najnowsze i najwa\u017cniejsze doniesienia z wielu dziedzin neonatologii i pediatrii.Stanowi ono swoist\u0105 platform\u0119 wiedzy i wymiany do\u015bwiadcze\u0144 dla ca\u0142ego \u015brodowiska naukowego. Czasopismo skierowane jest do lekarzy specjalist\u00f3w neonatolog\u00f3w i pediatr\u00f3w.A tak\u017ce innych dziedzin powi\u0105zanych, takich jak: endokrynologia, laryngologia, genetyka, kardiologia, onkologia, hematologia, chirurgia,&hellip;<\/p>\n","protected":false},"author":1,"featured_media":0,"parent":0,"menu_order":0,"comment_status":"closed","ping_status":"closed","template":"","meta":{"footnotes":""},"class_list":["post-448","page","type-page","status-publish","hentry"],"jetpack_sharing_enabled":true,"_links":{"self":[{"href":"https:\/\/neomedica.waw.pl\/index.php?rest_route=\/wp\/v2\/pages\/448","targetHints":{"allow":["GET"]}}],"collection":[{"href":"https:\/\/neomedica.waw.pl\/index.php?rest_route=\/wp\/v2\/pages"}],"about":[{"href":"https:\/\/neomedica.waw.pl\/index.php?rest_route=\/wp\/v2\/types\/page"}],"author":[{"embeddable":true,"href":"https:\/\/neomedica.waw.pl\/index.php?rest_route=\/wp\/v2\/users\/1"}],"replies":[{"embeddable":true,"href":"https:\/\/neomedica.waw.pl\/index.php?rest_route=%2Fwp%2Fv2%2Fcomments&post=448"}],"version-history":[{"count":23,"href":"https:\/\/neomedica.waw.pl\/index.php?rest_route=\/wp\/v2\/pages\/448\/revisions"}],"predecessor-version":[{"id":790,"href":"https:\/\/neomedica.waw.pl\/index.php?rest_route=\/wp\/v2\/pages\/448\/revisions\/790"}],"wp:attachment":[{"href":"https:\/\/neomedica.waw.pl\/index.php?rest_route=%2Fwp%2Fv2%2Fmedia&parent=448"}],"curies":[{"name":"wp","href":"https:\/\/api.w.org\/{rel}","templated":true}]}}